What is the ten millions digit of 186515858?
8
What is the thousands digit of 169241535?
1
What is the millions digit of 3212656644?
2
What is the hundred thousands digit of 64298164?
2
What is the hundred thousands digit of 2420805?
4
What is the ten thousands digit of 70938237?
3
What is the tens digit of 14260575?
7
What is the ten thousands digit of 278808947?
0
What is the tens digit of 1711431477?
7
What is the tens digit of 573238498?
9
What is the units digit of 258491184?
4
What is the thousands digit of 38043751?
3
What is the ten thousands digit of 294024692?
2
What is the millions digit of 27327065?
7
What is the billions digit of 3617182329?
3
What is the hundreds digit of 49722679?
6
What is the hundreds digit of 15395512?
5
What is the tens digit of 1148016165?
6
What is the ten millions digit of 1142277540?
4
What is the hundreds digit of 1122635291?
2
What is the billions digit of 2101097502?
2
What is the millions digit of 177730969?
7
What is the hundreds digit of 148476999?
9
What is the hundred thousands digit of 232759848?
7
What is the hundreds digit of 25878897?
8
What is the hundred thousands digit of 5532858079?
8
What is the thousands digit of 2880947684?
7
What is the ten millions digit of 41810076?
4
What is the tens digit of 161423897?
9
What is the billions digit of 2039087340?
2
What is the thousands digit of 4059891901?
1
What is the hundred millions digit of 435311079?
4
What is the ten thousands digit of 18248219?
4
What is the thousands digit of 575497086?
7
What is the hundred thousands digit of 73699775?
6
What is the millions digit of 46644097?
6
What is the thousands digit of 539997159?
7
What is the units digit of 1100559423?
3
What is the hundreds digit of 824350207?
2
What is the thousands digit of 76659052?
9
What is the hundred millions digit of 626985774?
6
What is the ten thousands digit of 119404127?
0
What is the hundred thousands digit of 14653012?
6
What is the hundred thousands digit of 61015702?
0
What is the hundred millions digit of 542525158?
5
What is the units digit of 2400772610?
0
What is the hundred thousands digit of 1602577748?
5
What is the tens digit of 80531955?
5
What is the ten thousands digit of 154638470?
3
What is the thousands digit of 1060150173?
0
What is the ten millions digit of 181367225?
8
What is the hundred thousands digit of 47358022?
3
What is the units digit of 3572951?
1
What is the hundred millions digit of 1934888538?
9
What is the hundred thousands digit of 2166101405?
1
What is the ten millions digit of 56775954?
5
What is the ten millions digit of 5684672605?
8
What is the tens digit of 52504099?
9
What is the units digit of 869956403?
3
What is the ten millions digit of 228795118?
2
What is the ten millions digit of 224562237?
2
What is the hundred thousands digit of 1199423936?
4
What is the ten millions digit of 64547440?
6
What is the millions digit of 421577445?
1
What is the hundred millions digit of 255495257?
2
What is the ten millions digit of 923215617?
2
What is the tens digit of 38919906?
0
What is the units digit of 17884113?
3
What is the hundreds digit of 409288776?
7
What is the ten millions digit of 147966581?
4
What is the ten thousands digit of 717011588?
1
What is the ten thousands digit of 96597047?
9
What is the units digit of 247538410?
0
What is the ten millions digit of 90821375?
9
What is the thousands digit of 36239851?
9
What is the millions digit of 20509468?
0
What is the millions digit of 79921093?
9
What is the ten thousands digit of 3867781568?
8
What is the tens digit of 602121621?
2
What is the ten thousands digit of 581468098?
6
What is the tens digit of 47572038?
3
What is the units digit of 669623576?
6
What is the tens digit of 4141502?
0
What is the hundreds digit of 53779750?
7
What is the ten millions digit of 4796431904?
9
What is the ten thousands digit of 399590553?
9
What is the ten thousands digit of 519930960?
3
What is the millions digit of 889523760?
9
What is the hundreds digit of 289991641?
6
What is the hundred thousands digit of 45460716?
4
What is the ten millions digit of 3634073015?
3
What is the thousands digit of 49979134?
9
What is the tens digit of 377060944?
4
What is the thousands digit of 588946256?
6
What is the tens digit of 14878743?
4
What is the thousands digit of 24817072?
7
What is the hundred thousands digit of 4443571843?
5
What is the tens digit of 14920121?
2
What is the billions digit of 2347667920?
2
What is the thousands digit of 5434646816?
6
What is the hundred thousands digit of 201946370?
9
What is the hundreds digit of 185168168?
1
What is the ten millions digit of 328430901?
2
What is the ten thousands digit of 1728376917?
7
What is the ten thousands digit of 16922181?
2
What is the hundred thousands digit of 43224107?
2
What is the tens digit of 201294379?
7
What is the millions digit of 148436148?
8
What is the ten millions digit of 5610193844?
1
What is the units digit of 760298914?
4
What is the millions digit of 432939708?
2
What is the hundred millions digit of 314369795?
3
What is the ten millions digit of 3439712869?
3
What is the tens digit of 157989465?
6
What is the hundred thousands digit of 80736364?
7
What is the ten millions digit of 6842816251?
4
What is the thousands digit of 1092193033?
3
What is the hundred thousands digit of 2052302693?
3
What is the ten thousands digit of 21374415?
7
What is the units digit of 143994604?
4
What is the ten thousands digit of 25133855?
3
What is the hundreds digit of 103807064?
0
What is the hundreds digit of 30938537?
5
What is the millions digit of 26830229?
6
What is the ten millions digit of 1852574838?
5
What is the billions digit of 1444820398?
1
What is the tens digit of 3059870354?
5
What is the thousands digit of 3442601677?
1
What is the millions digit of 191944924?
1
What is the hundred millions digit of 791198572?
7
What is the units digit of 741420378?
8
What is the billions digit of 2373876731?
2
What is the tens digit of 3658882048?
4
What is the hundred thousands digit of 30136841?
1
What is the hundred thousands digit of 334930951?
9
What is the hundred thousands digit of 460729056?
7
What is the ten thousands digit of 394486626?
8
What is the hundred millions digit of 6258008525?
2
What is the ten millions digit of 142492256?
4
What is the thousands digit of 421328920?
8
What is the hundred thousands digit of 206600135?
6
What is the hundred millions digit of 8030194924?
0
What is the hundreds digit of 47173578?
5
What is the thousands digit of 150852678?
2
What is the units digit of 936474906?
6
What is the millions digit of 152409411?
2
What is the ten millions digit of 21392498?
2
What is the billions digit of 2421232688?
2
What is the ten thousands digit of 1059593925?
9
What is the hundred millions digit of 359779058?
3
What is the hundreds digit of 1092427832?
8
What is the ten millions digit of 7480978560?
8
What is the tens digit of 632903847?
4
What is the units digit of 414471584?
4
What is the ten thousands digit of 50798808?
9
What is the tens digit of 493208744?
4
What is the ten thousands digit of 4849215825?
1
What is the millions digit of 5420485098?
0
What is the hundred millions digit of 125484899?
1
What is the tens digit of 225800348?
4
What is the tens digit of 222463524?
2
What is the ten millions digit of 4347461404?
4
What is the ten millions digit of 538358536?
3
What is the units digit of 287644991?
1
What is the hundred thousands digit of 1552610751?
6
What is the thousands digit of 5121737616?
7
What is the ten thousands digit of 351810533?
1
What is the ten thousands digit of 12784673?
8
What is the ten millions digit of 1435587565?
3
What is the billions digit of 4153390564?
4
What is the ten thousands digit of 809330584?
3
What is the hundred thousands digit of 2279824444?
8
What is the billions digit of 3037686675?
3
What is the ten millions digit of 194592403?
9
What is the hundreds digit of 117765501?
5
What is the tens digit of 184354125?
2
What is the millions digit of 443441866?
3
What is the ten millions digit of 966089590?
6
What is the units digit of 5368668295?
5
What is the hundred millions digit of 156448348?
1
What is the ten millions digit of 2364000444?
